Calculate the highest common factor of y and 15.
3
Let t = -369 - -522. Suppose 4*b = 9*b + 20. Let s be ((-17)/4)/(b/16). Calculate the greatest common divisor of s and t.
17
Suppose -3*z = -0 - 15. Suppose f + 0*f = d - 2, 0 = -z*f - 3*d + 14. Suppose 0 = 3*o - f - 11. Calculate the highest common divisor of 6 and o.
2
Let i(k) = -40*k**3 + 2*k**2 - 2*k + 1. Let u be i(1). Let f = 79 + u. What is the greatest common factor of 8 and f?
8
Let l(m) = 3*m + 13. Let c be l(7). Calculate the highest common factor of c and 17.
17
Let r(y) = -19*y - 3. Let t be r(-4). Suppose 5*q - 37 - t = 0. Calculate the greatest common divisor of q and 55.
11
Let f be 1497/5 + -3 - (-6)/10. What is the highest common factor of 27 and f?
27
Let c(a) = -4*a. Let o be c(-1). What is the greatest common divisor of 16 and o?
4
Let y(k) = k + 1. Suppose 0 = 2*p - 6, 0*p + 9 = -4*w + 3*p. Let q be y(w). Suppose 3*n - 2 = q. Calculate the greatest common factor of n and 2.
1
Suppose 2*s = 2*y + 360, 195 + 525 = 4*s + 5*y. What is the greatest common divisor of 18 and s?
18
Let z = -11 + 20. Calculate the greatest common factor of z and 9.
9
Let d = 9 + -1. Calculate the highest common divisor of 64 and d.
8
Suppose 0 = -0*n - 3*n - 3*g + 27, -3*g + 15 = n. Calculate the highest common factor of n and 42.
6
Let v = 52 - 36. Let m = v + -4. Let r(x) = 3*x**2 + 3. Let h be r(-3). Calculate the greatest common factor of m and h.
6
Let c(f) = -f**2 - f. Let x be c(-3). Suppose -y - 4*a = -16, 5*a + 18 + 66 = 2*y. Let j = y + x. What is the greatest common factor of j and 13?
13
Let a(c) = 4*c**2 - 3*c + 3. Let k be a(2). Let y(o) = 35*o**2 + o + 1. Let m be y(2). Calculate the highest common divisor of m and k.
13
Let w(c) = c**3 - 3*c + 1. Let d be w(2). Suppose -2*r = 3*u + 6 + 3, -4*r - d*u - 3 = 0. Calculate the greatest common factor of 33 and r.
3
Suppose 4*q = -2*x + 36, x + 4*q = q + 23. Calculate the greatest common divisor of 4 and x.
4
Let g(z) = 6*z - 4. Let k be g(4). Suppose 3*u - 113 = 307. Calculate the greatest common factor of k and u.
20
Suppose 0 = -5*h + 45 + 60. What is the highest common divisor of 42 and h?
21
Let j be (-2 - -2)*2/4. Suppose -d + 4*d - 15 = j, -3*h + 17 = -2*d. Calculate the greatest common factor of 99 and h.
9
Suppose -z - 2*v = z + 4, v - 2 = -3*z. Suppose -z*b + 108 = b. What is the greatest common divisor of 18 and b?
18
Suppose 3*u - 20 = -u. Let l be u/(0/1 + 1). Let r = 17 - l. What is the greatest common divisor of r and 3?
3
Let q(z) = z**3 - 7*z**2 + 8*z - 9. Let g be q(6). Suppose 36 = x + g*x. Let u = 39 - x. Calculate the highest common factor of 15 and u.
15
Let q = -29 - -59. Suppose -5*w = -5*m + 70, 5*w + 30 = m - 0*w. Calculate the highest common divisor of m and q.
10
Suppose -4*n = 5*y - 191, -y - 229 = -5*n - 4*y. Calculate the highest common divisor of n and 4.
4
Let l(d) = -d + 11. Let x be l(9). Let c be (-1 + x)/((-7)/189). Let o = -15 - c. Calculate the greatest common divisor of o and 84.
12
Let p(d) = -d - 14. Let n be p(-21). What is the highest common divisor of n and 63?
7
Let m be (-9 - -12)/((-3)/(-86)). Suppose -5*v = q - 3*v - 20, 5*v - m = -4*q. Calculate the highest common factor of q and 12.
12
Suppose -4*k + 5*l + 40 = 0, 4*k + 5*l - 2*l - 72 = 0. Calculate the greatest common divisor of 3 and k.
3
Suppose -a = -3*j + 8, -5*a + 4*a - j + 12 = 0. What is the highest common divisor of a and 7?
7
Let t(c) = 42*c**2 - 30*c**2 + 40*c**2 + 2*c + 1. Let g be t(-1). What is the greatest common divisor of 17 and g?
17
Suppose 0 = -5*w - 25, -6*w + w - 45 = -5*s. What is the highest common divisor of 44 and s?
4
Suppose 5*v + 4*f - 287 = f, -2*f + 283 = 5*v. What is the highest common factor of v and 22?
11
Suppose -i - 2*g - 194 = -5*i, 3*g = -3*i + 141. What is the highest common divisor of 12 and i?
12
Let a be (-17 - -6)/((-1)/5). Calculate the greatest common divisor of 22 and a.
11
Let w = -145 - -247. What is the highest common factor of w and 34?
34
Suppose -6*j + 1012 = 5*j. Calculate the highest common factor of j and 23.
23
Suppose -2*f = -4*b - f + 197, 4*b + f = 195. Let u = 73 - b. What is the greatest common factor of 264 and u?
24
Let c(p) = p + 30. Let o be c(0). Let d be (-2)/(-3)*o - -2. What is the greatest common divisor of 2 and d?
2
Suppose 4*c - 20 = -4*w, c - 25 = -4*c - 2*w. Suppose -80 = -y - 3*y. Calculate the greatest common divisor of y and c.
5
Let x(m) = m + 1. Let r be 5 + (0 - 1) - 2. Let j be x(r). Suppose j*n - 5 = 157. Calculate the greatest common factor of 6 and n.
6
Suppose -4*s - b = -0*s + 96, 3*s + b + 72 = 0. Let d = s + 48. Calculate the highest common divisor of 36 and d.
12
Let l = 35 + -59. Let h = 94 + l. What is the greatest common factor of h and 10?
10
Let o(i) = -4*i**3 + 2*i**2 + 3*i + 1. Let l be o(-2). Let z = l - 21. Suppose 0 = -5*w + 3*w + 308. What is the greatest common divisor of z and w?
14
Let t(u) = -11*u - 1. Let b be t(-1). Suppose 0*g = 2*g - b. Suppose -2*l + 20 = -2*y, -3*l = -2*y - 34 + g. What is the highest common factor of l and 90?
9
Suppose 0*i + 53 = 5*a - 2*i, -3*a + 37 = 4*i. Let z = 15 - 4. What is the greatest common factor of z and a?
11
Suppose 4*v + 7*q - 3*q - 28 = 0, -3*q - 51 = -3*v. Suppose 3*j - d + v = 2*d, 5*j + 3*d = 20. What is the highest common divisor of 9 and j?
1
Let a(u) = -u**3 + 12*u**2 - 11*u + 5. Let s be a(11). Suppose -s*p + 35 = 3*n + 12, -57 = -5*n + p. Calculate the greatest common factor of n and 121.
11
Suppose w - 3*g + 6 = 0, w - 3*g + 2*g - 4 = 0. Calculate the greatest common divisor of w and 1.
1
Let z = 5 - 5. Suppose z = 5*j + 2*m - 45, -3*j + 4*j + 5*m + 14 = 0. What is the highest common factor of j and 1?
1
Let z = -9 - -64. Calculate the greatest common factor of 10 and z.
5
Let d be 1*(-4)/(-6)*(-3)/(-2). Calculate the highest common divisor of 9 and d.
1
Suppose -156 = -3*x - x. Suppose 2*m - 7 - 19 = 0. What is the greatest common factor of m and x?
13
Let k = -4 + 6. Calculate the highest common factor of k and 4.
2
Let z be 2/1*(1 + 1). Calculate the highest common divisor of z and 36.
4
Let l(t) = 16*t - 36. Let j be l(6). Let w = -14 + 38. Calculate the greatest common factor of w and j.
12
Suppose -192 = -4*m + 4*u, 5*u - 110 = 2*m - 4*m. Calculate the highest common divisor of m and 30.
10
Suppose 0 = 2*x - x - 12. What is the greatest common factor of x and 84?
12
Let q be 30*3/6*1*2. What is the highest common divisor of 12 and q?
6
Let o(v) = 2 + 3*v + 1 - 4*v + 2*v. Let x be o(9). Calculate the highest common factor of 132 and x.
12
Suppose -8*x = -177 + 73. Let t(y) = -9*y - 2. Let d(p) = 8*p + 2. Let s(b) = 3*d(b) + 2*t(b). Let i be s(4). What is the greatest common divisor of x and i?
13
Suppose -52 + 16 = -3*u. Suppose 0 = -5*c + 2*a + 7 + 44, 0 = -2*c + 5*a + u. What is the highest common divisor of 1 and c?
1
Suppose -4*n + 5 - 1 = 0, 3*n + 52 = 5*p. Let y be 2/(-6) - 84/(-9). Let x be (-26)/(1 - p/y). What is the greatest common factor of 13 and x?
13
Let w(x) = 5*x**3 - 2*x**2 + x - 1. Let v be w(3). Calculate the greatest common divisor of 17 and v.
17
Let t = -1 + 23. What is the highest common divisor of t and 2?
2
Let z be (-97)/(-9) - 2/(-9). Let v(k) = -k**3 - 9*k**2 + 14*k - 11. Let y be v(-11). What is the highest common factor of z and y?
11
Let x = -24 + 70. Suppose -5*j = 4*l - 103, 2*l - x - 7 = -j. Let w = 15 - 12. Calculate the highest common divisor of l and w.
3
Suppose -284 + 44 = -10*b. What is the greatest common divisor of b and 32?
8
Let o(p) = p**2 - 3*p - 2. Let l be o(5). Suppose -41 = -i + l*c - 3*c, -61 = -i - 5*c. Calculate the highest common divisor of i and 34.
17
Let i(a) = 26*a**2 - 1. Let o be i(-1). What is the highest common factor of o and 275?
25
Let y(p) be the second derivative of p**4/12 - p**3/6 + 33*p**2/2 + 2*p. Let a be y(0). What is the highest common divisor of 3 and a?
3
Let s = 31 - 14. Let y be (-2)/12 + 367/6. Let g = 129 - y. What is the greatest common divisor of s and g?
17
Suppose -13 + 1 = 2*q. Let w(g) = -2*g. Let m be w(4). Let r = q - m. Calculate the highest common divisor of r and 6.
2
Let a be 7/(-1)*(-24)/14. Let l = a - 7. Calculate the highest common divisor of 45 and l.
5
Suppose 0*q = q - 4. Suppo